 124 divide 10416?
True
Does 15 divide 42114?
False
Is 16089 a multiple of 18?
False
Is 97 a factor of 3880?
True
Is 34 a factor of 43656?
True
Is 1952 a multiple of 61?
True
Is 15940 a multiple of 5?
True
Does 228 divide 11211?
False
Does 13 divide 165?
False
Is 13 a factor of 920?
False
Is 984 a multiple of 34?
False
Is 11696 a multiple of 16?
True
Is 1903 a multiple of 5?
False
Is 9 a factor of 1737?
True
Is 66 a factor of 3193?
False
Is 16 a factor of 1465?
False
Does 111 divide 2035?
False
Is 7 a factor of 515?
False
Is 35 a factor of 10360?
True
Does 35 divide 140?
True
Is 1720 a multiple of 10?
True
Does 29 divide 1801?
False
Is 380 a multiple of 4?
True
Does 18 divide 32904?
True
Is 102384 a multiple of 22?
False
Does 24 divide 287?
False
Does 15 divide 1976?
False
Is 694 a multiple of 22?
False
Does 13 divide 78?
True
Is 19942 a multiple of 26?
True
Is 688 a multiple of 43?
True
Does 20 divide 28180?
True
Does 82 divide 22004?
False
Is 368 a multiple of 4?
True
Is 2290 a multiple of 10?
True
Is 13 a factor of 1265?
False
Is 3066 a multiple of 7?
True
Does 71 divide 6532?
True
Is 13400 a multiple of 17?
False
Is 12426 a multiple of 38?
True
Is 32 a factor of 1024?
True
Does 41 divide 2419?
True
Does 19 divide 842?
False
Is 6 a factor of 1020?
True
Does 18 divide 547?
False
Does 18 divide 396?
True
Is 19022 a multiple of 230?
False
Does 26 divide 254?
False
Is 35 a factor of 68567?
False
Does 12 divide 13427?
False
Is 41 a factor of 1996?
False
Does 7 divide 196?
True
Is 477 a multiple of 10?
False
Is 31 a factor of 336?
False
Is 4 a factor of 500?
True
Does 11 divide 2915?
True
Does 53 divide 3339?
True
Is 46 a factor of 1518?
True
Is 15780 a multiple of 12?
True
Is 137 a factor of 6486?
False
Is 4 a factor of 72?
True
Is 21634 a multiple of 8?
False
Does 244 divide 3935?
False
Is 808 a multiple of 50?
False
Is 15 a factor of 58935?
True
Does 8 divide 1554?
False
Does 145 divide 16385?
True
Is 34 a factor of 257?
False
Is 4026 a multiple of 33?
True
Does 109 divide 1114?
False
Is 1102 a multiple of 30?
False
Does 41 divide 11275?
True
Does 19 divide 171?
True
Does 141 divide 22995?
False
Is 125216 a multiple of 56?
True
Does 16 divide 3799?
False
Is 53 a factor of 75?
False
Is 6 a factor of 1932?
True
Is 25760 a multiple of 46?
True
Does 20 divide 6140?
True
Is 4644 a multiple of 27?
True
Does 10 divide 2565?
False
Is 59 a factor of 1534?
True
Is 1260 a multiple of 14?
True
Does 10 divide 650?
True
Does 21 divide 8101?
False
Is 14063 a multiple of 66?
False
Does 23 divide 528?
False
Is 15 a factor of 724?
False
Does 12 divide 345?
False
Does 11 divide 396?
True
Is 3379 a multiple of 31?
True
Is 47 a factor of 1269?
True
Is 874 a multiple of 22?
False
Is 3846 a multiple of 3?
True
Is 6020 a multiple of 172?
True
Is 39 a factor of 5466?
False
Is 15 a factor of 11715?
True
Is 247 a multiple of 13?
True
Does 7 divide 1689?
False
Is 312 a multiple of 6?
True
Is 1642 a multiple of 22?
False
Is 42613 a multiple of 20?
False
Is 199 a factor of 796?
True
Is 21 a factor of 357?
True
Does 16 divide 27792?
True
Does 19 divide 68?
False
Does 11 divide 1388?
False
Does 14 divide 420?
True
Is 232 a multiple of 58?
True
Is 15284 a multiple of 6?
False
Is 23 a factor of 1056?
False
Is 25 a factor of 505?
False
Does 138 divide 88292?
False
Does 11 divide 13601?
False
Does 14 divide 2380?
True
Is 13 a factor of 182?
True
Is 22 a factor of 1826?
True
Does 40 divide 671?
False
Does 22 divide 1958?
True
Is 121410 a multiple of 142?
True
Is 1143 a multiple of 31?
False
Is 2474 a multiple of 11?
False
Is 496 a multiple of 17?
False
Does 15 divide 210?
True
Is 29656 a multiple of 59?
False
Does 109 divide 19554?
False
Is 12 a factor of 24?
True
Is 156 a factor of 9147?
False
Does 7 divide 4402?
False
Is 5 a factor of 11745?
True
Is 6 a factor of 30?
True
Does 120 divide 13827?
False
Does 95 divide 175?
False
Does 12 divide 11586?
False
Is 6 a factor of 972?
True
Is 128 a factor of 10240?
True
Is 9 a factor of 2255?
False
Is 20 a factor of 579?
False
Is 14 a factor of 812?
True
Does 47 divide 1363?
True
Is 6920 a multiple of 173?
True
Does 22 divide 15202?
True
Is 47862 a multiple of 29?
False
Does 21 divide 1530?
False
Is 17 a multiple of 17?
True
Is 7970 a multiple of 13?
False
Does 88 divide 15928?
True
Does 21 divide 316?
False
Is 3 a multiple of 2?
False
Is 204 a multiple of 4?
True
Is 1407 a multiple of 75?
False
Is 3266 a multiple of 71?
True
Does 15 divide 24195?
True
Is 65 a factor of 3588?
False
Is 2135 a multiple of 44?
False
Does 20 divide 656?
False
Is 25262 a multiple of 14?
False
Does 35 divide 140?
True
Is 36 a factor of 36216?
True
Is 59 a factor of 18821?
True
Is 50 a multiple of 10?
True
Is 11 a factor of 94143?
False
Is 5 a factor of 620?
True
Is 84 a factor of 1061?
False
Is 2 a factor of 891?
False
Is 389 a multiple of 19?
False
Is 1584 a multiple of 4?
True
Is 2287 a multiple of 39?
False
Is 72879 a multiple of 145?
False
Is 1221 a multiple of 3?
True
Is 90 a factor of 11224?
False
Is 38 a multiple of 2?
True
Does 73 divide 2628?
True
Is 29 a factor of 65001?
False
Does 18 divide 11720?
False
Does 26 divide 25428?
True
Does 44 divide 1315?
False
Is 526 a multiple of 43?
False
Is 57 a factor of 41409?
False
Does 8 divide 280?
True
Is 45938 a multiple of 37?
False
Is 67 a factor of 9782?
True
Is 7911 a multiple of 9?
True
Is 73920 a multiple of 448?
True
Does 2 divide 134?
True
Is 289 a multiple of 10?
False
Is 217 a multiple of 3?
False
Is 121 a multiple of 11?
True
Does 21 divide 39018?
True
Is 42 a factor of 5393?
False
Does 64 divide 3735?
False
Is 293 a factor of 4395?
True
Is 659 a multiple of 15?
False
Is 286 a multiple of 3?
False
Is 1264 a multiple of 3?
False
Is 25 a factor of 1025?
True
Is 3380 a multiple of 13?
True
Does 16 divide 165?
False
Is 11 a factor of 2096?
False
Does 10 divide 3770?
True
Is 15 a factor of 12585?
True
Does 8 divide 512?
True
Does 15 divide 2190?
True
Is 192 a multiple of 6?
True
Is 12 a factor of 624?
True
Is 1558 a multiple of 82?
True
Is 12 a factor of 456?
True
Does 8 divide 29888?
True
Is 4 a factor of 5712?
True
Is 13718 a multiple of 19?
True
Is 141 a factor of 8460?
True
Is 14 a factor of 20787?
False
Is 2084 a multiple of 27?
False
Is 9412 a multiple of 13?
True
Is 39010 a multiple of 235?
True
Is 3 a factor of 12575?
False
Is 13 a factor of 1437?
False
Does 67 divide 37788?
True
Is 2 a factor of 150?
True
Does 64 divide 1280?
True
Does 12 divide 14844?
True
Does 11 divide 3080?
True
Is 6790 a multiple of 16?
False
Is 41938 a multiple of 26?
True
Is 1550 a multiple of 5?
True
Is 198 a multiple of 8?
False
Does 2 divide 2103?
False
Is 3840 a multiple of 60?
True
Is 4 a factor of 340?
True
Is 32 a factor of 41088?
True
Is 9 a factor of 174?
False
Is 8880 a multiple of 60?
True
Is 4041 even?
False
Is 52 a factor of 780?
True
Is 54 a factor of 34879?
False
Is 8653 a multiple of 72?
False
Does 15 divide 240?
True
Is 1007 a multiple of 17?
False
Is 8173 a multiple of 3?
False
Is 52 a multiple of 6?
False
Is 23516 a multiple of 201?
False
Does 48 divide 2784?
True
Does 64 divide 1058?
False
Is 13 a factor of 558?
False
Is 5590 a multiple of 6?
False
Is 6 a factor of 14844?
True
Is 9 a factor of 7056?
True
Does 16 divide 1904?
True
Is 7 a factor of 131?
False
Does 109 divide 128402?
True
Does 39 divide 68211?
True
Is 15 a factor of 9279?
False
Is 79 a factor of 1896?
True
Is 7582 a multiple of 34?
True
Is 67 a multiple of 2?
False
Does 2 divide 809?
False
Is 11 a factor of 370?
False
Is 22803 a multiple of 11?
True
Is 42 a factor of 24414?
False
Is 20 a factor of 1182?
False
Is 41 a factor of 236?
False
Is 967 a multiple of 13?
False
Is 3 a factor of 2899?
False
Is 2213 a multiple of 22?
False
Is 29 a factor of 8729?
True
Is 8778 a multiple of 6?
True
Is 425 a multiple of 3?
False
Is 74 a factor of 1110?
True
Is 1494 a multiple of 83?
True
Is 16 a factor of 2096?
True
Is 15 a factor of 4860?
True
Is 53 a factor of 137058?
True
Is 60 a factor of 5760?
True
Is 13 a factor of 555?
False
Is 9 a factor of 143?
False
Is 11 a factor of 122?
False
Does 81 divide 6855?
False
Does 92 divide 5152?
True
Does 2 divide 1564?
True
Is 17790 a multiple of 13?
False
Is 53 a factor of 884?
False
Does 73 divide 254?
Fa